In base 7, what is 10 - 433266503?
-433266463
In base 16, what is -4 + -1754499?
-175449d
In base 9, what is 17 - -1266102?
1266120
In base 4, what is 1003 - 100212232?
-100211223
In base 10, what is 10 + 5322397?
5322407
In base 13, what is -a9c - 7a36?
-8805
In base 8, what is 4515 + 2170?
6705
In base 5, what is 2030222111311 + -1?
2030222111310
In base 2, what is -1101000000101 + -100100001000000?
-110001001000101
In base 12, what is 2b9a59 - 94?
2b9985
In base 12, what is -b8354 + 22?
-b8332
In base 8, what is -52 + -12554325?
-12554377
In base 11, what is 2960 + 251a?
537a
In base 16, what is -981 + 7505?
6b84
In base 5, what is 220021 + -33320?
131201
In base 2, what is 101 + 1000110101100011111111?
1000110101100100000100
In base 5, what is 11 + -12032230142?
-12032230131
In base 7, what is -33 + -30611?
-30644
In base 12, what is 91a2034a - 3?
91a20347
In base 12, what is 118b7598 - 7?
118b7591
In base 5, what is 2420 + 34221434?
34224404
In base 4, what is 232001133101 + 1221?
232001200322
In base 2, what is 1110001010 + -11100000110?
-1101111100
In base 6, what is -4 + -1125013004?
-1125013012
In base 3, what is -20212020 + -120112010?
-211101100
In base 5, what is 3113 - 102220?
-44102
In base 13, what is 622072 - 1?
622071
In base 15, what is -3d7 - 12d5?
-16bc
In base 16, what is 431f2e1 + 0?
431f2e1
In base 4, what is -13020200100 + 122?
-13020133312
In base 3, what is 12111 - -1102222120?
1110012001
In base 8, what is 0 + 3417275?
3417275
In base 3, what is -20110112211002 - 10?
-20110112211012
In base 3, what is 112211200010212002 + 11?
112211200010212020
In base 14, what is 12 - -b23b16?
b23b28
In base 3, what is 11010111 - 110121220?
-22111102
In base 13, what is -2 - -5292466?
5292464
In base 3, what is -1020021001202 + 211?
-1020021000221
In base 8, what is 37550 + 6536?
46306
In base 7, what is 31013 - -51301?
112314
In base 10, what is -4 - -1544573?
1544569
In base 2, what is 100110010 + -1110100001011100?
-1110011100101010
In base 15, what is -27893 - 9?
-2789c
In base 15, what is 4 - -2a179bac?
2a179bb1
In base 11, what is -7726 - 295?
-7a10
In base 16, what is -193 + d15?
b82
In base 3, what is 12220001010211200 + 12?
12220001010211212
In base 3, what is -1111001 - -120112201?
112001200
In base 14, what is -2cb - 300d?
-32da
In base 15, what is 13b - -28c9e8?
28cb34
In base 15, what is -3418 - -57?
-33b1
In base 8, what is -533546456 + 3?
-533546453
In base 3, what is 200211020110002 + -1112?
200211020101120
In base 14, what is 8b0 + -d3c?
-46c
In base 12, what is -310183 - -11?
-310172
In base 12, what is 155232a + -2?
1552328
In base 11, what is 1117 + 10039?
11155
In base 13, what is 16c34a - 5?
16c345
In base 6, what is 12302551054 - 0?
12302551054
In base 16, what is -111fddf5 - -6?
-111fddef
In base 6, what is 35515 + 14301?
54220
In base 11, what is 15 + 4766993?
47669a8
In base 14, what is 4 - 12c39c?
-12c398
In base 3, what is -10 + 2010120121012202?
2010120121012122
In base 7, what is -13154220 - 14?
-13154234
In base 10, what is 1475427 + -3?
1475424
In base 13, what is -5 - c46b59?
-c46b61
In base 10, what is 0 - 9218890?
-9218890
In base 15, what is 2 - 1106665?
-1106663
In base 12, what is 126a5 + 3aa1?
16586
In base 12, what is -590081 - -13?
-59006a
In base 9, what is 86 - -151125?
151222
In base 15, what is -3641 + -92?
-36d3
In base 4, what is -103302002 - -203?
-103301133
In base 9, what is -7371 + 1361?
-6010
In base 2, what is 10011101 + 101010110000011011?
101010110010111000
In base 13, what is -b5b24 - 9?
-b5b30
In base 4, what is 2213311320212 - -2?
2213311320220
In base 2, what is 10011 + 101100010100001010?
101100010100011101
In base 6, what is -3 - -2030544034?
2030544031
In base 4, what is -3032 - -131231002?
131221310
In base 10, what is -2083398 + 3?
-2083395
In base 8, what is -214 + -2075205?
-2075421
In base 12, what is 8b15b69 - 2?
8b15b67
In base 13, what is c7943b + -2?
c79439
In base 15, what is -1b + -39cd8?
-39d04
In base 7, what is 44160000 - -5?
44160005
In base 16, what is -64 + -11d5de?
-11d642
In base 5, what is 424400 + 331003?
1310403
In base 9, what is 2 - 8882880?
-8882877
In base 7, what is -22 - -33063165?
33063143
In base 15, what is 15e5db6 + -5?
15e5db1
In base 14, what is -674 - 125a?
-18d0
In base 16, what is -ed306 + 76?
-ed290
In base 4, what is -22 + 2232311?
2232223
In base 2, what is -101 + 101010101001110011011101101?
101010101001110011011101000
In base 3, what is -100002 + -11222201101?
-12000001110
In base 11, what is -7596978 - 3?
-7596980
In base 13, what is -c5b - 829c1?
-8394c
In base 16, what is 4 - -391bf17?
391bf1b
In base 11, what is 63548 + -3649?
5a9aa
In base 16, what is 5856 + 1bd0?
7426
In base 7, what is -3 - -44414022?
44414016
In base 5, what is 1224 + -221301004?
-221244230
In base 3, what is -12 + 2202200121?
2202200102
In base 6, what is 12 - -102131034?
102131050
In base 5, what is 12 - -332412323?
332412340
In base 11, what is 17a0 + -1a2?
15a9
In base 15, what is 0 - 2ba0a51?
-2ba0a51
In base 7, what is 1 + 242166242?
242166243
In base 3, what is 10010010 - 20202120101?
-20122110021
In base 2, what is -11100000110011001100010100 - 1?
-11100000110011001100010101
In base 9, what is 24 - -14300483?
14300517
In base 15, what is 1 - 13c43b2b?
-13c43b2a
In base 4, what is 23030012 + 3102?
23033120
In base 13, what is 10 - 690405?
-6903c5
In base 2, what is -1010 + -1010110111111010110?
-1010110111111100000
In base 2, what is 1101011101110 - 11001010001000110?
-10111100101011000
In base 7, what is 2 - 623326133?
-623326131
In base 6, what is 12514253504 + -5?
12514253455
In base 4, what is 1133000 + 20220?
1213220
In base 2, what is 10010000 - -110111011000100000110?
110111011000110010110
In base 3, what is -10220000122020201 - -10?
-10220000122020121
In base 7, what is -46421415 + 5?
-46421410
In base 8, what is 0 - -722435704?
722435704
In base 11, what is -129a3918 - 1?
-129a3919
In base 11, what is 12215 - -18a1?
14006
In base 6, what is 101222013 + -1222?
101220351
In base 15, what is -5 + -8886c26?
-8886c2b
In base 14, what is a9a + 5ba?
1276
In base 15, what is -135d75 + -35b?
-1361d1
In base 15, what is -1 - 60a5a2?
-60a5a3
In base 13, what is -11746 + c6b1?
-2065
In base 9, what is -40152224 - -12?
-40152212
In base 3, what is 211101111 - 11201221?
122122120
In base 10, what is -175399856 + 5?
-175399851
In base 2, what is -1000001111 + 111010101111011011000?
111010101110011001001
In base 8, what is 2 - 47616471?
-47616467
In base 4, what is 1333 + 101213123112?
101213131111
In base 4, what is -1203 + -211332023?
-211333232
In base 2, what is 10 + -11111000101110011101010111?
-11111000101110011101010101
In base 15, what is 4 - 1e7991b?
-1e79917
In base 6, what is 231331143352 + -1?
231331143351
In base 7, what is 5 - 226265030?
-226265022
In base 2, what is -111101001111000001 + 10001?
-111101001110110000
In base 14, what is 46db4 + 9a?
47070
In base 2, what is 11001111010 - -10010010010110110?
10010101100110000
In base 2, what is 1111110100001001001 + -10011?
1111110100000110110
In base 13, what is -a4a4c - -5?
-a4a47
In base 5, what is -4344134220 - -1?
-4344134214
In base 5, what is 1442 - 10322100?
-10320103
In base 8, what is 102275 - 26321?
53754
In base 12, what is 21305b - -2?
213061
In base 8, what is 174637 - -2770?
177627
In base 9, what is 20078 + 228?
20317
In base 6, what is 14351014242 + 5?
14351014251
In base 5, what is -113130000 + 101?
-113124344
In base 11, what is 1098812 + 8?
109881a
In base 3, what is 220 + -101110110201111?
-101110110200121
In base 13, what is 1 + 29ac773?
29ac774
In base 16, what is 1d6cb27 + -3?
1d6cb24
In base 16, what is -151938 + -5?
-15193d
In base 13, what is 4313cac + c?
4313cbb
In base 7, what is 133 - 520104?
-516641
In base 14, what is -15 + 3c75c36?
3c75c21
In base 16, what is 36db55 + -c?
36db49
In base 2, what is -1001 - -1011101101101000001100100?
1011101101101000001011011
In base 15, what is -7 - -2d7ec1?
2d7eb9
In base 4, what is -123302 - -223031311?
222302003
In base 4, what is 1 - -110311220222?
110311220223
In base 3, what is -10220122011 + 1022122?
-10212022112
In base 13, what is -15b55 + -112?
-15c67
In base 6, what is 10 - -441351310?
441351320
In base 12, what is